. Give r(-16).
17
Let m(v) = -2*v**2 + 4*v + 29. Determine m(5).
-1
Let p(i) = -i - 13. Determine p(-17).
4
Let t(z) = -3*z**3 + 19*z**2 - 11*z - 12. What is t(6)?
-42
Let i(y) = 2*y**2 - 65*y - 52. Determine i(33).
-19
Let n(f) = f**3 + 4*f**2 - 2*f + 7. Give n(-5).
-8
Let l(o) = 6*o - 51. Determine l(6).
-15
Let q(o) = -o**3 - 14*o**2 - 10*o. What is q(-13)?
-39
Let q(k) = k - 7. What is q(10)?
3
Let v(m) = 3*m - 26. What is v(6)?
-8
Let t(d) = -d**2 + 22*d - 83. Determine t(9).
34
Let k(d) = d**2 - 11*d - 7. Determine k(12).
5
Let a(q) = -10*q - 3. Calculate a(-7).
67
Let g(f) = -f + 11. Calculate g(14).
-3
Let t(j) = -j**3 - 11*j**2 + 3*j + 7. Determine t(-11).
-26
Let h(v) = -2*v**3 - 150*v**2 + 153*v + 90. Give h(-76).
14
Let c(u) = 4*u - 13. Calculate c(7).
15
Let m(w) = w + 4. What is m(0)?
4
Let u(w) = w**2 - 5*w - 6. What is u(-4)?
30
Let w(j) = 5*j - 9. Give w(5).
16
Let n(a) = -a**3 - 15*a**2 - 15*a - 31. What is n(-14)?
-17
Let p(x) = x**2 + 5*x - 4. What is p(-5)?
-4
Let k(i) = -i**2 - 22*i - 48. Calculate k(-21).
-27
Let l(a) = -2*a**3 - 3*a**2 - a - 2. Give l(-2).
4
Let l(p) = -2*p**2 - 21*p + 11. Determine l(-10).
21
Let o(a) = a**3 - 9*a**2 - 10*a + 11. What is o(10)?
11
Let m(k) = -6*k**2 - k + 7. Calculate m(3).
-50
Let z(x) = -x**3 + 23*x**2 - 23*x + 20. Determine z(22).
-2
Let w(p) = -p**3 - 9*p**2 + 4*p - 2. What is w(-9)?
-38
Let s(b) = -b**3 - b**2 + 4*b + 3. Give s(-3).
9
Let s(b) = -4*b**2 + 19*b - 9. Determine s(5).
-14
Let p(b) = -b**3 + 13*b**2 - 14*b + 14. Give p(12).
-10
Let w(q) = 28*q**2 + 2*q - 1. Calculate w(1).
29
Let y(n) = n**2 + 20*n - 95. What is y(-24)?
1
Let t(n) = -n + 10. What is t(12)?
-2
Let t(i) = i**3 - 11*i**2 + 2*i - 35. Determine t(11).
-13
Let d(x) = x**2 + 7*x + 9. Give d(-4).
-3
Let n(w) = 3*w**2 - 35*w + 2. Give n(0).
2
Let j(p) = -p**3 + p**2 - 4*p + 4. Give j(2).
-8
Let u(p) = -p**3 - 19*p**2 + 18*p - 51. Give u(-20).
-11
Let b(l) = l**2 - 25*l - 51. Determine b(27).
3
Let p(b) = -7*b - 50. Calculate p(-10).
20
Let y(b) = -27*b - 10. Give y(5).
-145
Let q(c) = 3*c + 8. Determine q(-13).
-31
Let v(h) = -h**2 - 8*h - 12. What is v(-7)?
-5
Let p(g) = g**2 + 7*g + 9. Give p(-9).
27
Let b(m) = m**3 - 2*m**2 - 10. Calculate b(0).
-10
Let x(n) = n**3 + 4*n**2 - 6*n - 6. Give x(-4).
18
Let x(q) = -5*q - 115. What is x(-22)?
-5
Let y(q) = -q**2 - 8*q - 7. Determine y(-7).
0
Let x(b) = 2*b - 21. Calculate x(11).
1
Let p(z) = -z**3 + 4*z**2 - 4*z. Determine p(4).
-16
Let x(i) = -i - 10. Give x(7).
-17
Let r(w) = 11*w - 193. Give r(18).
5
Let h(t) = 11*t - 260. What is h(23)?
-7
Let c(u) = u**3 - 7*u**2 - 22*u + 17. What is c(-3)?
-7
Let f(u) = -u**3 + 6*u**2 - 8*u + 19. Calculate f(4).
19
Let u(p) = -3*p + 2. Determine u(7).
-19
Let q(t) = -t**3 - 10*t**2 + 2*t + 17. Calculate q(-10).
-3
Let c(n) = n**3 + 7*n**2 - 6*n + 9. Give c(-8).
-7
Let k(a) = -4*a**2 + 14*a - 2. Determine k(4).
-10
Let d(v) = v**3 + 1. Calculate d(-1).
0
Let v(w) = -w + 38. Calculate v(38).
0
Let t(u) = -u**3 - 13*u**2 - 21*u - 1. Calculate t(-11).
-12
Let g(r) = -4*r - 3. Give g(-6).
21
Let p(a) = a**2 - 13*a + 12. Give p(12).
0
Let p(y) = -y**3 + 2*y**2 - 5*y + 9. Calculate p(4).
-43
Let k(x) = -5*x**2 - 2*x + 3. Calculate k(-4).
-69
Let v(c) = -c**2 + 4*c - 13. Calculate v(6).
-25
Let s(x) = -x**2 - 15*x - 14. Give s(-18).
-68
Let p(z) = -27*z + 196. Give p(7).
7
Let d(g) = 19*g + 4. Calculate d(2).
42
Let w(r) = -r**2 + 4*r - 7. Determine w(4).
-7
Let g(a) = a - 16. Calculate g(-15).
-31
Let r(n) = -4*n + 14. Determine r(-7).
42
Let x(j) = -4*j - 64. Determine x(-17).
4
Let h(m) = -10*m - 2. Determine h(1).
-12
Let z(w) = w**3 + 11. What is z(0)?
11
Let s(w) = -2*w**2 + 13*w - 10. Determine s(5).
5
Let x(u) = 3*u**2 + 4*u - 3. What is x(-4)?
29
Let t(p) = -2*p**3 - 12*p**2 - 4*p + 8. Give t(-5).
-22
Let r(p) = -p**3 + 7*p**2 + 39*p - 4. Calculate r(10).
86
Let d(g) = g**3 + 8*g**2 + 2*g + 7. Calculate d(-8).
-9
Let u(w) = -w**3 + 6*w**2 - w - 1. Calculate u(6).
-7
Let f(z) = -4*z - 2. What is f(-2)?
6
Let r(a) = -a**3 - 4*a**2 - 2*a - 6. What is r(-4)?
2
Let h(n) = n**3 + 12*n**2 - 2*n + 143. Determine h(-13).
0
Let g(l) = -11*l**2. What is g(-2)?
-44
Let g(a) = 8*a**2 - 3*a - 2. Give g(-2).
36
Let u(v) = -13*v - 7. Calculate u(-3).
32
Let t(o) = 22*o**2 + 2*o - 2. Give t(1).
22
Let s(f) = f**3 - 8*f**2 - 5*f + 42. Determine s(8).
2
Let n(o) = -o + 3. Determine n(7).
-4
Let d(n) = n**3 + 14*n**2 + 15*n + 34. Give d(-13).
8
Let t(u) = -u**3 - 15*u**2 + 17*u + 9. Calculate t(-16).
-7
Let z(j) = 5*j**3 - 2*j**2 + 2. What is z(2)?
34
Let a(v) = v**3 - 8*v**2 + 11*v - 16. Determine a(7).
12
Let y(c) = -7*c + 168. Give y(24).
0
Let m(t) = -t**3 + 2*t**2 - 2*t + 1. What is m(3)?
-14
Let z(p) = 2*p**3 + 4*p**2 - 4*p + 3. Determine z(2).
27
Let j(z) = 2*z**2 - 3*z + 14. What is j(5)?
49
Let g(x) = -x**2 + 5*x + 2. Calculate g(5).
2
Let d(x) = 10*x + 89. What is d(-6)?
29
Let g(o) = o**2 + 36*o - 149. Give g(4).
11
Let i(x) = -x**3 - 13*x**2 - 27*x + 4. Give i(-3).
-5
Let s(v) = -v**2 + 10. Give s(0).
10
Let m(f) = -23*f**2 + 2*f. What is m(-1)?
-25
Let c(r) = 4*r - 138. Give c(35).
2
Let k(u) = u**2 + 7*u + 1. Determine k(-7).
1
Let x(c) = c + 2. What is x(-32)?
-30
Let o(q) = 16*q + 165. Calculate o(-10).
5
Let p(o) = -2*o**3 - 21*o**2 - 2*o + 10. Determine p(-10).
-70
Let v(s) = s**3 + 7*s**2 + 5*s. Give v(-6).
6
Let z(f) = -13*f + 3. What is z(-1)?
16
Let n(v) = -2*v**2 + 12*v - 3. What is n(6)?
-3
Let n(y) = 6*y + 17. Give n(-2).
5
Let b(n) = -n**3 - 9*n**2 - n + 2. Determine b(-8).
-54
Let w(n) = n**2 - 2*n - 21. Calculate w(-3).
-6
Let s(w) = w**3 + 6*w**2 - 17*w - 4. Calculate s(-8).
4
Let n(q) = -49*q + 55. What is n(1)?
6
Let d(x) = 12*x + 7. Determine d(-3).
-29
Let v(t) = t**3 + 24*t**2 + 23*t - 2. Determine v(-23).
-2
Let h(r) = -11*r - 2. Determine h(-1).
9
Let y(o) = -2*o**2 + 9*o - 8. Give y(5).
-13
Let w(u) = u**3 + 7*u**2 + 5*u + 35. What is w(-7)?
0
Let h(u) = u**3 + 12*u**2 - u - 5. Calculate h(-12).
7
Let u(c) = c**3 + 11*c**2 + 15*c + 28. Calculate u(-9).
55
Let r(x) = x**2 - 2*x - 4. What is r(5)?
11
Let u(y) = y**3 - 4*y**2 + 4*y - 7. Give u(4).
9
Let k(l) = 29*l**2 + l + 1. Determine k(-1).
29
Let t(n) = 17*n**3 - n**2 - n + 1. Determine t(1).
16
Let i(q) = -q**3 - 3*q**2 + 5*q - 2. Calculate i(-4).
-6
Let w(f) = 5*f**2 + 27*f - 7. What is w(-6)?
11
Let f(d) = -d**3 + 5*d**2 + 8*d + 5. Determine f(7).
-37
Let t(n) = n**3 - 11*n**2 + 13*n - 15. Determine t(10).
15
Let q(g) = -g**3 + 8*g**2 - 10*g - 15. What is q(6)?
-3
Let r(n) = -n + 46. Calculate r(-29).
75
Let h(i) = -i - 10. Determine h(15).
-25
Let l(h) = -3*h - 34. What is l(-10)?
-4
Let v(r) = 2*r**2 + 38*r. Determine v(0).
0
Let n(s) = s**3 + 17*s**2 - 15*s - 260. Determine n(-17).
-5
Let k(j) = -3*j**2 - 4*j - 3. Give k(-2).
-7
Let p(n) = -2*n**2 + 11. Calculate p(5).
-39
Let o(w) = -2*w**2 + 10*w - 13. Calculate o(5).
-13
Let t(p) = -p**2 - 58*p + 526. Give t(8).
-2
Let o(p) = p**3 + 8*p**2 + 6*p. Calculate o(-7).
7
Let s(m) = 2*m**2 - 7*m - 8. Determine s(-6).
106
Let r(z) = -z**3 + 6*z**2 + 9*z - 14. Determine r(5).
56
Let s(b) = -b**3 - 14*b**2 + 28*b - 26. Give s(-16).
38
Let z(r) = -7*r - 4. Determine z(-1).
3
Let a(x) = 19*x**2 - 1. What is a(-1)?
18
Let j(i) = -14*i - 2. What is j(-1)?
12
Let f(q) = 31*q - 901. Determine f(29).
-2
Let x(c) = -c**3 + 14*c**2 + 4*c - 19. What is x(14)?
37
Let g(x) = x**3 - 6*x**2 - 15*x + 25. Calculate g(7).
-31
Let s(c) = -c + 3. Calculate s(-4).
7
Let s(z) = -z**2 - 16*z - 41. What is s(-13)?
-2
Let q(a) = 21*a - 142. Determine q(7).
5
Let h(n) = -n**2 + 7*n - 2. Determine h(5).
8
Let n(x) = 2*x + 15. Give n(-8).
-1
Let h(a) = 30*a**2 - 2*a - 3. Determine h(-1).
29
Let t(h) = -4*h**3 + h**2 - 2*h - 2. Calculate t(-1).
5
Let s(o) = -3*o - 4. Calculate s(4).
-16
Let n(m) = -m**3 + 52*m**2 + 107*m + 59. Give n(54).
5
Let x(d) = -11*d - 21. Calculate x(-15).
144
Let z(g) = -20*g + 11. Calculate z(0).
11
Let z(b) = 36*b. Give z(-1).
-36
Let g(h) = 6*h - 31. What is g(7)?
11
Let b(d) = -d**2 + 10*d + 1. Determine b(6).
25
Let t(n) = n**2 + 6*n - 28. Calculate t(3).
-1
Let r(n) = -7*n**2 - 2*n + 27. Give r(-4).
-77
Let w(a) = a**3 - 4*a**2 + 3*a + 2. Give w(3).
2
Let b(j) = -j**3 - 9*j**2 - 18*j - 11. Determi